{"id":1416,"date":"2025-05-15T08:25:22","date_gmt":"2025-05-15T06:25:22","guid":{"rendered":"https:\/\/www.kban-festival-kusel.de\/?page_id=1416"},"modified":"2025-05-16T12:40:11","modified_gmt":"2025-05-16T10:40:11","slug":"faq","status":"publish","type":"page","link":"https:\/\/www.kban-festival-kusel.de\/?page_id=1416","title":{"rendered":"FAQ"},"content":{"rendered":"<ul>\n<li><a href=\"https:\/\/www.kban-festival-kusel.de\/?page_id=1416\/#Anreise\">Anreise<\/a><\/li>\n<li><a href=\"https:\/\/www.kban-festival-kusel.de\/?page_id=1416\/#Awareness\">Awareness<\/a><\/li>\n<li><a href=\"https:\/\/www.kban-festival-kusel.de\/?page_id=1416\/#Barrierefreiheit\">Barrierefreiheit<\/a><\/li>\n<li><a href=\"https:\/\/www.kban-festival-kusel.de\/?page_id=1416\/#Burginfos\">Burginfos<\/a><\/li>\n<li><a href=\"https:\/\/www.kban-festival-kusel.de\/?page_id=1416\/#Camping\">Camping &amp; Wohnmobile<\/a><\/li>\n<li><a href=\"https:\/\/www.kban-festival-kusel.de\/?page_id=1416\/#Einkauf\">Einkaufsm\u00f6glichkeiten<\/a><\/li>\n<li><a href=\"https:\/\/www.kban-festival-kusel.de\/?page_id=1416\/#Einlass\">Einlass<\/a><\/li>\n<li><a href=\"https:\/\/www.kban-festival-kusel.de\/?page_id=1416\/#ErsteHilfe\">Erste Hilfe<\/a><\/li>\n<li><a href=\"https:\/\/www.kban-festival-kusel.de\/?page_id=1416\/#Fotoaufnahmen\">Foto- und Filmaufnahmen<\/a><\/li>\n<li><a href=\"https:\/\/www.kban-festival-kusel.de\/?page_id=1416\/#Jugendschutz\">Jugendschutz<\/a><\/li>\n<li><a href=\"https:\/\/www.kban-festival-kusel.de\/?page_id=1416\/#OffenesFeuer\">Offenes Feuer<\/li>\n<li><a href=\"https:\/\/www.kban-festival-kusel.de\/?page_id=1416\/#Parken\">Parken<\/a><\/li>\n<li><a href=\"https:\/\/www.kban-festival-kusel.de\/?page_id=1416\/#Sani\">Sanit\u00e4re Anlagen<\/a><\/li>\n<li><a href=\"https:\/\/www.kban-festival-kusel.de\/?page_id=1416\/#Security\">Security<\/a><\/li>\n<li><a href=\"https:\/\/www.kban-festival-kusel.de\/?page_id=1416\/#Unterkunft\">Unterk\u00fcnfte<\/a><\/li>\n<li><a href=\"https:\/\/www.kban-festival-kusel.de\/?page_id=1416\/#Verboten\">Verbotene Gegenst\u00e4nde<\/a><\/li>\n<li><a href=\"https:\/\/www.kban-festival-kusel.de\/?page_id=1416\/#Verpflegung\">Verpflegung<\/a><\/li>\n<li><a href=\"https:\/\/www.kban-festival-kusel.de\/?page_id=1416\/#Wichtig\">Wichtig<\/a><\/li>\n<\/ul>\n<p>&nbsp;<\/p>\n<h1 id=\"Anreise\">Anreise<\/h1>\n<p>Adresse f\u00fcrs Navi: Burgstra\u00dfe 17, 66871 Thallichtenberg<br \/>\nBus + Bahn: Ab Bahnhof in Kusel k\u00f6nnt Ihr mit dem Burgenbus fahren.<\/p>\n<p>Weitere Infos unter <a href=\"https:\/\/www.kban-festival-kusel.de\/?page_id=77\" rel=\"noopener\">Anreise<\/a>.<\/p>\n<p>&nbsp;<\/p>\n<h1 id=\"Awareness\">Awareness<\/h1>\n<p>Unser Festival spricht sich klar gegen Diskriminierungen und \u00dcbergriffe jedweder Art aus. Sexuelle \u00dcbergriffe sowie rassistische, homophobe oder sexistische Einstellungen werden wir unter keinen Umst\u00e4nden tolerieren. W\u00e4hrend des kompletten Festivals stehen euch durchgehend die Ansprechpartner:innen unseres Awareness-Teams rund um die Uhr zur Verf\u00fcgung. Erkennbar an Westen.<\/p>\n<p>Das Team ist auch \u00fcber das Handy zu erreichen. Die Nummer wird am Festival kommuniziert. Dort findet man immer ein offenes Ohr. Weitere Infos unter <a href=\"https:\/\/www.kban-festival-kusel.de\/?page_id=81\" rel=\"noopener\">Awareness<\/a>.<\/p>\n<p>&nbsp;<\/p>\n<h1 id=\"Barrierefreiheit\">Barrierefreiheit<\/h1>\n<p>Die Burg wurde barrierefrei umgebaut. Trotzdem befindet Ihr euch nat\u00fcrlich auf einer Burgruine, wo das Gel\u00e4nde oftmals auch etwas uneben ist. Weitere Infos hierzu findet ihr auch auf der <a href=\"https:\/\/burglichtenberg.pfaelzerbergland.de\/barrierefrei\/\" target=\"_blank\" rel=\"noopener\">offiziellen Seite der Burg Lichtenberg<\/a>.<\/p>\n<p>&nbsp;<\/p>\n<h1 id=\"Burginfos\">Burginfos<\/h1>\n<p>Informationen jeglicher Art zur Burg Lichtenberg findet ihr unter <a href=\"https:\/\/burglichtenberg.pfaelzerbergland.de\/\">https:\/\/burglichtenberg.pfaelzerbergland.de\/<\/a>.<\/p>\n<p>&nbsp;<\/p>\n<h1 id=\"Camping\">Camping &amp; Wohnmobile<\/h1>\n<p>Kostenloses Zelten ist vor Ort m\u00f6glich. Ebenso gibt es Wohnmobilstellpl\u00e4tze, jedoch ohne Ver- und Entsorgung. Diese sind jedoch begrenzt. Generell sind die offiziellen Burgparkparkpl\u00e4tze geteert, teilweise aber leicht absch\u00fcssig. N\u00e4here Infos zu den Parkfl\u00e4chen unter <a href=\"https:\/\/www.kban-festival-kusel.de\/?page_id=74\">Camping &amp; Gel\u00e4ndeplan<\/a>.<\/p>\n<p>&nbsp;<\/p>\n<h1 id=\"Einkauf\">Einkaufsm\u00f6glichkeiten<\/h1>\n<p>Die Burg liegt etwas abseits. Ihr k\u00f6nnt allerdings den Burgenbus nach Kusel nehmen. <a href=\"https:\/\/www.kban-festival-kusel.de\/?page_id=77\">Zum Fahrplan<\/a>.<\/p>\n<p>&nbsp;<\/p>\n<h1 id=\"Einlass\">Einlass<\/h1>\n<p>Der Eintritt des Festivals ist frei. Wir haben vor Ort dennoch einen Eingangsbereich, wo Ihr Festivalb\u00e4ndchen bekommen k\u00f6nnt. \u00dcber Spenden, zur k\u00fcnftigen Fortf\u00fchrung des Festivals freuen wir uns nat\u00fcrlich.<\/p>\n<p>&nbsp;<\/p>\n<h1 id=\"ErsteHilfe\">Erste Hilfe<\/h1>\n<p>Solltet ihr oder andere Besucher:innen Hilfe ben\u00f6tigen, findet ihr das Erste-Hilfe-Zelt im Eingangs-\/Ausgangsbereich des Veranstaltungsgel\u00e4ndes. Bitte denkt daran, auch bei bew\u00f6lktem Himmel Sonnencreme zu benutzen und hin und wieder auch mal Wasser, statt Bier zu trinken. Gebt aufeinander Acht!<\/p>\n<p>&nbsp;<\/p>\n<h1 id=\"Fotoaufnahmen\">Foto- und Filmaufnahmen<\/h1>\n<p>Wir m\u00f6chten darauf hinweisen, dass w\u00e4hrend des Festivals Film- und Fotoaufnahmen erstellt werden k\u00f6nnten. Diese Aufnahmen werden f\u00fcr die Dokumentation und Berichterstattung \u00fcber das Festival verwendet und k\u00f6nnen auf unserer Website, in Social Media und in Printmedien ver\u00f6ffentlicht werden. Mit dem Betreten des Festivals stimmt ihr m\u00f6glichen Aufnahmen zu.<\/p>\n<p>&nbsp;<\/p>\n<h1 id=\"Jugendschutz\">Jugendschutz<\/h1>\n<p>Es gibt keine Altersbeschr\u00e4nkungen, jeder Festival-Fan ist bei uns herzlich willkommen. Bis 15 Jahre darfst du allerdings nur in Begleitung deiner Erziehungsberechtigten auf das Gel\u00e4nde. Auf dem gesamten Festivalgel\u00e4nde gelten nat\u00fcrlich die gesetzlichen Bestimmungen zum Jugendschutz. Alle Besucher*innen unter 18 Jahren m\u00fcssen das Festival um 24:00 Uhr verlassen. Dies gilt nicht, wenn Personen unter 18 Jahren in Begleitung einer vollj\u00e4hrigen Begleitperson sind, die eine von den Eltern ausgestellte Erziehungsbeauftragung f\u00fcr die Dauer der Veranstaltung besitzen. Ein schriftlicher Nachweis hier\u00fcber ist mitzuf\u00fchren. <a href=\"https:\/\/www.kban-festival-kusel.de\/wp-content\/uploads\/2025\/05\/Muttizettel-Vorlage.pdf\" target=\"_blank\" rel=\"noopener\">Hier findet ihr den \u201eMuttizettel\u201c<\/a>.<\/p>\n<p>&nbsp;<\/p>\n<h1 id=\"OffenesFeuer\">Offenes Feuer<\/h1>\n<p>Offenes Feuer ist am Campingplatz verboten. <\/p>\n<p>&nbsp;<\/p>\n<h1 id=\"Parken\">Parken<\/h1>\n<p>Bitte beachtet die Parkplatzsituation vor Ort parkt so, dass gen\u00fcgend Platz f\u00fcr alle ist. Neben den Parkpl\u00e4tzen P1, P2 und P3 gibt es einen ca. 400 Meter entfernten Parkplatz auf einer Wiese. Weitere Infos hierzu findet ihr unter <a href=\"https:\/\/www.kban-festival-kusel.de\/?page_id=74\">Camping &amp; Gel\u00e4ndeplan<\/a>.<\/p>\n<p>&nbsp;<\/p>\n<h1 id=\"Sani\">Sanit\u00e4re Anlagen<\/h1>\n<p>Station\u00e4re Toiletten mit Wassersp\u00fclung findest du am Eingangsbereich der Burg. Auf dem Zeltplatz befindet sich ein Dixi-Klo und auf dem Festival-Gel\u00e4nde selbst nochmal ein Toilettenwagen. Duschm\u00f6glichkeiten gibt es leider keine vor Ort, aber wir haben auf dem Campingplatz einen Wassertank.<\/p>\n<p>&nbsp;<\/p>\n<h1 id=\"Security\">Security<\/h1>\n<p>Wir haben vor Ort eine selbstverwaltete Security-Gruppe, die aufpassen wird.<\/p>\n<p>&nbsp;<\/p>\n<h1 id=\"Unterkunft\">Unterk\u00fcnfte<\/h1>\n<ul>\n<li><a href=\"https:\/\/www.hotelsaar.de\/\" target=\"_blank\" rel=\"noopener\">Hotel Saar<\/a>, Kusel<\/li>\n<li><a href=\"https:\/\/naturhotel-blaubach.de\/\" target=\"_blank\" rel=\"noopener\">Naturhote<\/a>l, Blaubach<\/li>\n<li><a href=\"https:\/\/hotel-burgblick.de\/de\/\" target=\"_blank\" rel=\"noopener\">Hotel Burgblick<\/a>, Thallichtenberg<\/li>\n<\/ul>\n<p>&nbsp;<\/p>\n<h1 id=\"Verpflegung\">Verpflegung<\/h1>\n<p>Das Essensangebot auf dem Festivalgel\u00e4nde wird ausschlie\u00dflich vegan sein.<\/p>\n<p>&nbsp;<\/p>\n<h1 id=\"Verboten\">Verbotene Gegenst\u00e4nde<\/h1>\n<p>Wir sind ein friedliches Festival und erwarten von unseren Besucher*innen, dass Gegenst\u00e4nde, die das Allgemeinwohl gef\u00e4hrden, zu Hause bleiben! Darunter fallen bspw. Waffen jeglicher Art.<\/p>\n<p>&nbsp;<\/p>\n<h1 id=\"Wichtig\">Wichtig<\/h1>\n<p>Bitte Nationalfahnen jeglicher Art zuhause lassen!<\/p>\n","protected":false},"excerpt":{"rendered":"<p>Anreise Awareness Barrierefreiheit Burginfos Camping &amp; Wohnmobile Einkaufsm\u00f6glichkeiten Einlass Erste Hilfe Foto- und Filmaufnahmen Jugendschutz Offenes Feuer Parken Sanit\u00e4re Anlagen Security Unterk\u00fcnfte Verbotene Gegenst\u00e4nde Verpflegung Wichtig &nbsp; Anreise Adresse f\u00fcrs Navi: Burgstra\u00dfe 17, 66871 Thallichtenberg Bus + Bahn: Ab Bahnhof &hellip; <a href=\"https:\/\/www.kban-festival-kusel.de\/?page_id=1416\">Weiterlesen <span class=\"meta-nav\">&rarr;<\/span><\/a><\/p>\n","protected":false},"author":1,"featured_media":0,"parent":0,"menu_order":0,"comment_status":"closed","ping_status":"closed","template":"","meta":{"_mc_calendar":[],"footnotes":""},"class_list":["post-1416","page","type-page","status-publish","hentry"],"yoast_head":"<!-- This site is optimized with the Yoast SEO plugin v27.4 - https:\/\/yoast.com\/product\/yoast-seo-wordpress\/ -->\n<title>FAQ - Kein Bock auf Nazis Festival Kusel<\/title>\n<meta name=\"robots\" content=\"index, follow, max-snippet:-1, max-image-preview:large, max-video-preview:-1\" \/>\n<link rel=\"canonical\" href=\"https:\/\/www.kban-festival-kusel.de\/?page_id=1416\" \/>\n<meta property=\"og:locale\" content=\"de_DE\" \/>\n<meta property=\"og:type\" content=\"article\" \/>\n<meta property=\"og:title\" content=\"FAQ - Kein Bock auf Nazis Festival Kusel\" \/>\n<meta property=\"og:description\" content=\"Anreise Awareness Barrierefreiheit Burginfos Camping &amp; Wohnmobile Einkaufsm\u00f6glichkeiten Einlass Erste Hilfe Foto- und Filmaufnahmen Jugendschutz Offenes Feuer Parken Sanit\u00e4re Anlagen Security Unterk\u00fcnfte Verbotene Gegenst\u00e4nde Verpflegung Wichtig &nbsp; Anreise Adresse f\u00fcrs Navi: Burgstra\u00dfe 17, 66871 Thallichtenberg Bus + Bahn: Ab Bahnhof &hellip; Weiterlesen &rarr;\" \/>\n<meta property=\"og:url\" content=\"https:\/\/www.kban-festival-kusel.de\/?page_id=1416\" \/>\n<meta property=\"og:site_name\" content=\"Kein Bock auf Nazis Festival Kusel\" \/>\n<meta property=\"article:publisher\" content=\"https:\/\/www.facebook.com\/profile.php?id=100057395113347\" \/>\n<meta property=\"article:modified_time\" content=\"2025-05-16T10:40:11+00:00\" \/>\n<meta name=\"twitter:card\" content=\"summary_large_image\" \/>\n<meta name=\"twitter:label1\" content=\"Gesch\u00e4tzte Lesezeit\" \/>\n\t<meta name=\"twitter:data1\" content=\"4\u00a0Minuten\" \/>\n<script type=\"application\/ld+json\" class=\"yoast-schema-graph\">{\"@context\":\"https:\\\/\\\/schema.org\",\"@graph\":[{\"@type\":\"WebPage\",\"@id\":\"https:\\\/\\\/www.kban-festival-kusel.de\\\/?page_id=1416\",\"url\":\"https:\\\/\\\/www.kban-festival-kusel.de\\\/?page_id=1416\",\"name\":\"FAQ - Kein Bock auf Nazis Festival Kusel\",\"isPartOf\":{\"@id\":\"https:\\\/\\\/www.kban-festival-kusel.de\\\/#website\"},\"datePublished\":\"2025-05-15T06:25:22+00:00\",\"dateModified\":\"2025-05-16T10:40:11+00:00\",\"breadcrumb\":{\"@id\":\"https:\\\/\\\/www.kban-festival-kusel.de\\\/?page_id=1416#breadcrumb\"},\"inLanguage\":\"de\",\"potentialAction\":[{\"@type\":\"ReadAction\",\"target\":[\"https:\\\/\\\/www.kban-festival-kusel.de\\\/?page_id=1416\"]}]},{\"@type\":\"BreadcrumbList\",\"@id\":\"https:\\\/\\\/www.kban-festival-kusel.de\\\/?page_id=1416#breadcrumb\",\"itemListElement\":[{\"@type\":\"ListItem\",\"position\":1,\"name\":\"Startseite\",\"item\":\"https:\\\/\\\/www.kban-festival-kusel.de\\\/\"},{\"@type\":\"ListItem\",\"position\":2,\"name\":\"FAQ\"}]},{\"@type\":\"WebSite\",\"@id\":\"https:\\\/\\\/www.kban-festival-kusel.de\\\/#website\",\"url\":\"https:\\\/\\\/www.kban-festival-kusel.de\\\/\",\"name\":\"Kein Bock auf Nazis Festival Kusel\",\"description\":\"Kein Bock auf Nazis Festival Kusel - Gemeinsam gegen rechts\",\"publisher\":{\"@id\":\"https:\\\/\\\/www.kban-festival-kusel.de\\\/#organization\"},\"potentialAction\":[{\"@type\":\"SearchAction\",\"target\":{\"@type\":\"EntryPoint\",\"urlTemplate\":\"https:\\\/\\\/www.kban-festival-kusel.de\\\/?s={search_term_string}\"},\"query-input\":{\"@type\":\"PropertyValueSpecification\",\"valueRequired\":true,\"valueName\":\"search_term_string\"}}],\"inLanguage\":\"de\"},{\"@type\":\"Organization\",\"@id\":\"https:\\\/\\\/www.kban-festival-kusel.de\\\/#organization\",\"name\":\"Kein Bock auf Nazis Festival Kusel\",\"url\":\"https:\\\/\\\/www.kban-festival-kusel.de\\\/\",\"logo\":{\"@type\":\"ImageObject\",\"inLanguage\":\"de\",\"@id\":\"https:\\\/\\\/www.kban-festival-kusel.de\\\/#\\\/schema\\\/logo\\\/image\\\/\",\"url\":\"https:\\\/\\\/www.kban-festival-kusel.de\\\/wp-content\\\/uploads\\\/2023\\\/04\\\/cropped-header.jpg\",\"contentUrl\":\"https:\\\/\\\/www.kban-festival-kusel.de\\\/wp-content\\\/uploads\\\/2023\\\/04\\\/cropped-header.jpg\",\"width\":1000,\"height\":370,\"caption\":\"Kein Bock auf Nazis Festival Kusel\"},\"image\":{\"@id\":\"https:\\\/\\\/www.kban-festival-kusel.de\\\/#\\\/schema\\\/logo\\\/image\\\/\"},\"sameAs\":[\"https:\\\/\\\/www.facebook.com\\\/profile.php?id=100057395113347\"]}]}<\/script>\n<!-- \/ Yoast SEO plugin. -->","yoast_head_json":{"title":"FAQ - Kein Bock auf Nazis Festival Kusel","robots":{"index":"index","follow":"follow","max-snippet":"max-snippet:-1","max-image-preview":"max-image-preview:large","max-video-preview":"max-video-preview:-1"},"canonical":"https:\/\/www.kban-festival-kusel.de\/?page_id=1416","og_locale":"de_DE","og_type":"article","og_title":"FAQ - Kein Bock auf Nazis Festival Kusel","og_description":"Anreise Awareness Barrierefreiheit Burginfos Camping &amp; Wohnmobile Einkaufsm\u00f6glichkeiten Einlass Erste Hilfe Foto- und Filmaufnahmen Jugendschutz Offenes Feuer Parken Sanit\u00e4re Anlagen Security Unterk\u00fcnfte Verbotene Gegenst\u00e4nde Verpflegung Wichtig &nbsp; Anreise Adresse f\u00fcrs Navi: Burgstra\u00dfe 17, 66871 Thallichtenberg Bus + Bahn: Ab Bahnhof &hellip; Weiterlesen &rarr;","og_url":"https:\/\/www.kban-festival-kusel.de\/?page_id=1416","og_site_name":"Kein Bock auf Nazis Festival Kusel","article_publisher":"https:\/\/www.facebook.com\/profile.php?id=100057395113347","article_modified_time":"2025-05-16T10:40:11+00:00","twitter_card":"summary_large_image","twitter_misc":{"Gesch\u00e4tzte Lesezeit":"4\u00a0Minuten"},"schema":{"@context":"https:\/\/schema.org","@graph":[{"@type":"WebPage","@id":"https:\/\/www.kban-festival-kusel.de\/?page_id=1416","url":"https:\/\/www.kban-festival-kusel.de\/?page_id=1416","name":"FAQ - Kein Bock auf Nazis Festival Kusel","isPartOf":{"@id":"https:\/\/www.kban-festival-kusel.de\/#website"},"datePublished":"2025-05-15T06:25:22+00:00","dateModified":"2025-05-16T10:40:11+00:00","breadcrumb":{"@id":"https:\/\/www.kban-festival-kusel.de\/?page_id=1416#breadcrumb"},"inLanguage":"de","potentialAction":[{"@type":"ReadAction","target":["https:\/\/www.kban-festival-kusel.de\/?page_id=1416"]}]},{"@type":"BreadcrumbList","@id":"https:\/\/www.kban-festival-kusel.de\/?page_id=1416#breadcrumb","itemListElement":[{"@type":"ListItem","position":1,"name":"Startseite","item":"https:\/\/www.kban-festival-kusel.de\/"},{"@type":"ListItem","position":2,"name":"FAQ"}]},{"@type":"WebSite","@id":"https:\/\/www.kban-festival-kusel.de\/#website","url":"https:\/\/www.kban-festival-kusel.de\/","name":"Kein Bock auf Nazis Festival Kusel","description":"Kein Bock auf Nazis Festival Kusel - Gemeinsam gegen rechts","publisher":{"@id":"https:\/\/www.kban-festival-kusel.de\/#organization"},"potentialAction":[{"@type":"SearchAction","target":{"@type":"EntryPoint","urlTemplate":"https:\/\/www.kban-festival-kusel.de\/?s={search_term_string}"},"query-input":{"@type":"PropertyValueSpecification","valueRequired":true,"valueName":"search_term_string"}}],"inLanguage":"de"},{"@type":"Organization","@id":"https:\/\/www.kban-festival-kusel.de\/#organization","name":"Kein Bock auf Nazis Festival Kusel","url":"https:\/\/www.kban-festival-kusel.de\/","logo":{"@type":"ImageObject","inLanguage":"de","@id":"https:\/\/www.kban-festival-kusel.de\/#\/schema\/logo\/image\/","url":"https:\/\/www.kban-festival-kusel.de\/wp-content\/uploads\/2023\/04\/cropped-header.jpg","contentUrl":"https:\/\/www.kban-festival-kusel.de\/wp-content\/uploads\/2023\/04\/cropped-header.jpg","width":1000,"height":370,"caption":"Kein Bock auf Nazis Festival Kusel"},"image":{"@id":"https:\/\/www.kban-festival-kusel.de\/#\/schema\/logo\/image\/"},"sameAs":["https:\/\/www.facebook.com\/profile.php?id=100057395113347"]}]}},"_links":{"self":[{"href":"https:\/\/www.kban-festival-kusel.de\/index.php?rest_route=\/wp\/v2\/pages\/1416","targetHints":{"allow":["GET"]}}],"collection":[{"href":"https:\/\/www.kban-festival-kusel.de\/index.php?rest_route=\/wp\/v2\/pages"}],"about":[{"href":"https:\/\/www.kban-festival-kusel.de\/index.php?rest_route=\/wp\/v2\/types\/page"}],"author":[{"embeddable":true,"href":"https:\/\/www.kban-festival-kusel.de\/index.php?rest_route=\/wp\/v2\/users\/1"}],"replies":[{"embeddable":true,"href":"https:\/\/www.kban-festival-kusel.de\/index.php?rest_route=%2Fwp%2Fv2%2Fcomments&post=1416"}],"version-history":[{"count":21,"href":"https:\/\/www.kban-festival-kusel.de\/index.php?rest_route=\/wp\/v2\/pages\/1416\/revisions"}],"predecessor-version":[{"id":1481,"href":"https:\/\/www.kban-festival-kusel.de\/index.php?rest_route=\/wp\/v2\/pages\/1416\/revisions\/1481"}],"wp:attachment":[{"href":"https:\/\/www.kban-festival-kusel.de\/index.php?rest_route=%2Fwp%2Fv2%2Fmedia&parent=1416"}],"curies":[{"name":"wp","href":"https:\/\/api.w.org\/{rel}","templated":true}]}}